)/(-9). Suppose 0*b + b = k*b. Suppose -11*r - 3*r + 28 = b. Calculate the greatest common factor of 2 and r.
2
Let n be 13 + -3 + 2 + -2. Suppose 0 = -5*a - g + 10, -2*g = -6*g. Suppose 4 = a*j - 6. What is the highest common divisor of n and j?
5
Suppose 76*m - 4999 = 169. What is the greatest common divisor of m and 32?
4
Suppose -5*u = 5*v - 1535, 2*v + 15*u - 19*u = 632. Suppose 6*x - 3*x - 60 = 0. What is the highest common factor of x and v?
10
Let x be 5*((-16)/6)/((-55)/66). What is the greatest common factor of 2000 and x?
16
Let b(v) = -2*v**3 - 136*v**2 - 138*v + 1132. Let g be b(-67). What is the highest common divisor of 434 and g?
14
Suppose -130 = -5*t - g, 74 = 3*t - 4*g - 4. Suppose -20*u = -t*u - 690. Let r = u + 143. Calculate the greatest common factor of 7 and r.
7
Suppose 4*j - 4125 = 5*n, 5*j = -n - 2657 + 7864. What is the greatest common divisor of j and 1872?
208
Let j = -731 - -735. Let c(m) = -7*m + 94. Let v be c(j). What is the greatest common factor of v and 352?
22
Suppose -25*q + 3*q = -22. Let i(s) = 908*s + 12. Let w be i(q). Calculate the greatest common divisor of w and 40.
40
Suppose 0 = h - 4*z - 495, -68*z + 1042 = 2*h - 63*z. What is the highest common factor of h and 56?
7
Let a be 22 - 18 - 60/(-6). Let k be (-1568)/16*(-2)/4. Calculate the highest common divisor of k and a.
7
Let c = 9038 + -8588. What is the highest common factor of c and 675?
225
Let y(v) = -v**3 + 6*v**2 - 9*v + 23. Let b be y(5). Suppose 9 + 0 = b*c. Calculate the greatest common factor of c and 27.
3
Let c(r) = -10*r**3 - 31*r**2 - 7*r + 9. Let u be c(-3). What is the highest common divisor of 867 and u?
3
Suppose 17*l - 15*l = 20. Let k be 8/l*(15/6 + 5). Let g(y) = y**3 - 6*y**2 + y - 3. Let b be g(k). What is the highest common divisor of 12 and b?
3
Let r(c) = 1427*c + 11427. Let y be r(-8). Suppose 4 + 4 = 2*n. Suppose 2*l + 2*l = n. What is the highest common divisor of l and y?
1
Let d(h) = -h**2 + 22*h + 120. Let u be d(27). Let b be -5*4*u/100. Calculate the highest common divisor of b and 6.
3
Let z be 2/3*225/50. Suppose -140 = -5*c - 3*w, -5*w + 133 = 5*c + z. What is the highest common divisor of c and 403?
31
Suppose 5*t - n + 2*n = -243, 2*t + 2*n + 102 = 0. Let x = t - -107. Suppose 9*q - x - 13 = 0. What is the highest common divisor of 2 and q?
2
Let n(b) = b. Let w be n(-2). Let z be (-1)/((-2)/(-4)) - (-15 + w). Let x(l) = 6*l - 48. Let f be x(z). What is the greatest common divisor of 28 and f?
14
Suppose 8*i - 8498 - 68278 = 0. What is the highest common factor of 21 and i?
21
Suppose 219 = 4*k - 5*z, -2*z - 1 = -3*z. Suppose 197 = 22*v - 34 - 121. Calculate the greatest common divisor of v and k.
8
Suppose -4*k + 5*k + 3*x = 33, -3*k - 2*x = -64. Let z be 6/k + 1/(-3). Suppose z = 2*b - 813 + 323. Calculate the greatest common factor of 98 and b.
49
Let i = -1770 + 1815. Let s = 9 + 5. Let h = s + 4. What is the greatest common divisor of i and h?
9
Let t(f) = 443*f**3 - 3*f**2 - 5*f - 3. Let x be t(-1). Let y = -321 - x. What is the greatest common divisor of y and 287?
41
Let l be ((-4)/(-7))/(8/1316). Let m = 250 - l. What is the greatest common factor of 24 and m?
12
Suppose 17138*o = 17155*o - 408. Calculate the highest common factor of 3228 and o.
12
Let m(x) = -10*x + 21. Let b be m(2). Let p be (17/34)/(b/170). Calculate the highest common divisor of p and 15.
5
Let u = 140 - 137. Suppose y - u*a + 5 = -8*a, -2*a = y - 4. What is the greatest common factor of y and 5?
5
Let f be (-82)/((-6)/(-240)*-8). Calculate the greatest common factor of 5 and f.
5
Let c = -6862 + 7834. Calculate the highest common factor of c and 12.
12
Suppose 3*u - 2484 = -2*b, 2*u - 3*b = -6*b + 1661. Suppose 21*t + 37*t - 729 = 83. What is the greatest common factor of t and u?
14
Let c = -695 - -685. Let w be 2/(-6*c/120). Calculate the highest common factor of 412 and w.
4
Let p(n) = -4*n + 23. Let u be p(6). Let w = -5 - u. Let y be (5 - -50)/((6/(-3))/w). What is the greatest common factor of 10 and y?
10
Let c(w) = -13*w - 2*w**2 + 8*w - 51*w - 17*w - 56. Let v be c(-33). Calculate the greatest common factor of 7 and v.
7
Let a = -501 + 166. Let y = -326 - a. What is the highest common divisor of y and 9?
9
Suppose 55*s - 993 = 14*s + 17867. Calculate the greatest common divisor of s and 11155.
115
Suppose -5*k + 4*n - 2007 = -0*k, 5*n = -4*k - 1581. Let g be -17*(-8)/3 - (-133)/k. What is the greatest common divisor of g and 81?
9
Let z = 16211 + -15221. Calculate the greatest common factor of 720 and z.
90
Let h = -8 + 5. Let j be h/(0 + 3/(-46)). Suppose 0 = 5775*k - 5831*k + 3864. What is the greatest common divisor of k and j?
23
Let m be 1293000/420 - 32/56. Calculate the greatest common divisor of m and 1134.
162
Suppose 187 = 6*h - 15 - 80. What is the highest common factor of 423 and h?
47
Suppose 5*m + 4*i - 9*i = 915, 5*m - 3*i - 923 = 0. Suppose -2*x + 2594 = 5*r, 3*r - 2*x - 1363 - m = 0. What is the greatest common divisor of 74 and r?
74
Let f(o) = -19*o + 2*o**2 + 4 - 8*o - 4*o**2. Let l(g) = -2*g**2 + 13*g + 12. Let d be l(8). Let h be f(d). Calculate the greatest common factor of h and 30.
10
Let s(n) = -28*n + 77. Let q be s(2). Calculate the highest common divisor of q and 336.
21
Let l = -35275 - -35283. What is the highest common divisor of 3368 and l?
8
Let x be ((-1)/6*-3)/((-7)/1344). Let p = x + 177. What is the highest common factor of p and 3?
3
Suppose 5*w - 3616 = w - 4*m, -3*m - 3616 = -4*w. Calculate the greatest common divisor of w and 3051.
113
Let u = 305 - 301. Suppose -7*k + u*r = -12*k + 17, 4*r - 12 = -4*k. Calculate the greatest common factor of k and 16.
1
Suppose -4*x = 3*l - 255 + 33, 2*x = -5*l + 356. Calculate the highest common divisor of 22645 and l.
35
Let x = 23698 - 23599. Calculate the greatest common divisor of x and 27687.
33
Let d(h) = -h**3 + 6*h**2 - 3*h + 153. Let x be d(-8). Suppose g = 3*g - 74. Calculate the greatest common divisor of g and x.
37
Suppose 61 = -14*t - 51. Let p be -1 + 16*(-12)/t. Let v = p + 77. What is the highest common divisor of 10 and v?
10
Suppose 194 = 3*p - 664. Let z(m) = 27*m + 25. Let o be z(1). Calculate the greatest common factor of o and p.
26
Suppose s + 67 = 10*s - 68. Calculate the greatest common divisor of s and 1302.
3
Suppose 43 - 1115 = -4*m + 3*x, -3*x + 1340 = 5*m. Calculate the highest common divisor of m and 1005.
67
Suppose -4*f - 25 = -b, 2*b + 4*f - 588 = -610. What is the greatest common factor of b and 74?
1
Let z(a) be the second derivative of 0 + 30*a - 2*a**2 - 1/6*a**4 - 1/5*a**5 + 1/3*a**3. Let r be z(-3). Calculate the greatest common divisor of r and 32.
16
Let d = 46 - 51. Let q be (15/(-15))/(1/d). Suppose -q*c + 139 = -461. Calculate the greatest common divisor of c and 15.
15
Suppose 0 = 2*d - d + l - 295, -5*d + 1481 = 2*l. What is the greatest common divisor of 2277 and d?
99
Let a(y) = 23*y + 1803. Let s be a(20). Calculate the highest common divisor of s and 62.
31
Let m(c) = -19*c - 13. Let k be m(-1). What is the highest common factor of k and 68?
2
Let z be (2376/(-1296) - (0 + -1)/2)*-30. What is the greatest common divisor of z and 2150?
10
Let b be (-12)/(-60) + 38/10. Suppose b*r = 88 + 108. Calculate the greatest common divisor of r and 49.
49
Let z(m) = -m**2 - 38*m + 270. Let f be z(-44). Calculate the highest common divisor of 588 and f.
6
Suppose -1768 = -113*s + 96*s. What is the greatest common divisor of 4212 and s?
52
Suppose -2*w = -3*w + 468. Suppose -h = 8*h - w. Let c = -41 + h. Calculate the highest common divisor of c and 33.
11
Let r(y) = -9*y - 33. Let x(j) = 10*j + 34. Let l(v) = 5*r(v) + 4*x(v). Let p be l(-19). What is the greatest common factor of p and 88?
22
Suppose 102 = -4*h + 842. Let o = -98751 + 98825. Calculate the highest common factor of h and o.
37
Let z(i) = -i**3 - 65*i**2 - 83*i - 484. Let v be z(-64). Calculate the greatest common factor of 24 and v.
12
Let l = 10503 - 10386. Calculate the greatest common divisor of 6903 and l.
117
Let u(y) = -2*y**2 + 135*y - 1031. Let d be u(11). What is the greatest common factor of 48548 and d?
212
Suppose 3*w = 13*k - 9*k - 83, -k - 4*w = 3. Suppose k*h - 106 = 574. Calculate the highest common divisor of h and